{"id":317,"date":"2025-01-26T22:26:34","date_gmt":"2025-01-26T22:26:34","guid":{"rendered":"https:\/\/regalatiempo.cl\/?post_type=product&#038;p=317"},"modified":"2025-01-30T13:08:04","modified_gmt":"2025-01-30T13:08:04","slug":"participar-en-clase-de-danza","status":"publish","type":"product","link":"https:\/\/regalatiempo.cl\/index.php\/producto\/participar-en-clase-de-danza\/","title":{"rendered":"Participar en Clase de Danza"},"content":{"rendered":"<p>\u00a1Reg\u00e1lale a Ignacia la oportunidad de moverse al ritmo de la m\u00fasica con clases de danza! \ud83d\udc83\u2728 Una experiencia perfecta para expresarse, mejorar su coordinaci\u00f3n y divertirse mientras aprende nuevos pasos y estilos.<\/p>\n<p>&nbsp;<\/p>\n","protected":false},"excerpt":{"rendered":"<p>Bailar no solo es alegr\u00eda, tambi\u00e9n es energ\u00eda y creatividad. \u00a1Un regalo lleno de ritmo, pasi\u00f3n y momentos inolvidables! \ud83c\udfb6\ud83c\udf1f<\/p>\n","protected":false},"featured_media":318,"comment_status":"open","ping_status":"closed","template":"","meta":{"_et_pb_use_builder":"","_et_pb_old_content":"","_et_gb_content_width":""},"product_brand":[],"product_cat":[22],"product_tag":[],"class_list":{"0":"post-317","1":"product","2":"type-product","3":"status-publish","4":"has-post-thumbnail","6":"product_cat-cumpleanos-ignacia","8":"first","9":"instock","10":"virtual","11":"purchasable","12":"product-type-simple"},"_links":{"self":[{"href":"https:\/\/regalatiempo.cl\/index.php\/wp-json\/wp\/v2\/product\/317","targetHints":{"allow":["GET"]}}],"collection":[{"href":"https:\/\/regalatiempo.cl\/index.php\/wp-json\/wp\/v2\/product"}],"about":[{"href":"https:\/\/regalatiempo.cl\/index.php\/wp-json\/wp\/v2\/types\/product"}],"replies":[{"embeddable":true,"href":"https:\/\/regalatiempo.cl\/index.php\/wp-json\/wp\/v2\/comments?post=317"}],"wp:featuredmedia":[{"embeddable":true,"href":"https:\/\/regalatiempo.cl\/index.php\/wp-json\/wp\/v2\/media\/318"}],"wp:attachment":[{"href":"https:\/\/regalatiempo.cl\/index.php\/wp-json\/wp\/v2\/media?parent=317"}],"wp:term":[{"taxonomy":"product_brand","embeddable":true,"href":"https:\/\/regalatiempo.cl\/index.php\/wp-json\/wp\/v2\/product_brand?post=317"},{"taxonomy":"product_cat","embeddable":true,"href":"https:\/\/regalatiempo.cl\/index.php\/wp-json\/wp\/v2\/product_cat?post=317"},{"taxonomy":"product_tag","embeddable":true,"href":"https:\/\/regalatiempo.cl\/index.php\/wp-json\/wp\/v2\/product_tag?post=317"}],"curies":[{"name":"wp","href":"https:\/\/api.w.org\/{rel}","templated":true}]}}