{"id":303,"date":"2025-01-26T20:39:35","date_gmt":"2025-01-26T20:39:35","guid":{"rendered":"https:\/\/regalatiempo.cl\/?post_type=product&#038;p=303"},"modified":"2025-02-01T11:05:00","modified_gmt":"2025-02-01T11:05:00","slug":"ir-de-picnic-con-mis-papas","status":"publish","type":"product","link":"https:\/\/regalatiempo.cl\/index.php\/producto\/ir-de-picnic-con-mis-papas\/","title":{"rendered":"Ir de Picnic con mis Pap\u00e1s"},"content":{"rendered":"<p>\u00a1Reg\u00e1lale a Ignacia un momento especial en familia! \ud83e\uddfa\u2728 Un picnic con tus pap\u00e1s es la oportunidad perfecta para compartir risas, buena comida y una conexi\u00f3n \u00fanica al aire libre.<\/p>\n<p>&nbsp;<\/p>\n","protected":false},"excerpt":{"rendered":"<p>Imagina una tarde tranquila rodeada de naturaleza, disfrutando de charlas y recuerdos inolvidables. \u00a1Un regalo lleno de amor, cercan\u00eda y mucha calidez! \ud83c\udf33\ud83d\udc95<\/p>\n","protected":false},"featured_media":305,"comment_status":"open","ping_status":"closed","template":"","meta":{"_et_pb_use_builder":"","_et_pb_old_content":"","_et_gb_content_width":""},"product_brand":[],"product_cat":[22],"product_tag":[],"class_list":{"0":"post-303","1":"product","2":"type-product","3":"status-publish","4":"has-post-thumbnail","6":"product_cat-cumpleanos-ignacia","8":"first","9":"instock","10":"virtual","11":"purchasable","12":"product-type-simple"},"_links":{"self":[{"href":"https:\/\/regalatiempo.cl\/index.php\/wp-json\/wp\/v2\/product\/303","targetHints":{"allow":["GET"]}}],"collection":[{"href":"https:\/\/regalatiempo.cl\/index.php\/wp-json\/wp\/v2\/product"}],"about":[{"href":"https:\/\/regalatiempo.cl\/index.php\/wp-json\/wp\/v2\/types\/product"}],"replies":[{"embeddable":true,"href":"https:\/\/regalatiempo.cl\/index.php\/wp-json\/wp\/v2\/comments?post=303"}],"wp:featuredmedia":[{"embeddable":true,"href":"https:\/\/regalatiempo.cl\/index.php\/wp-json\/wp\/v2\/media\/305"}],"wp:attachment":[{"href":"https:\/\/regalatiempo.cl\/index.php\/wp-json\/wp\/v2\/media?parent=303"}],"wp:term":[{"taxonomy":"product_brand","embeddable":true,"href":"https:\/\/regalatiempo.cl\/index.php\/wp-json\/wp\/v2\/product_brand?post=303"},{"taxonomy":"product_cat","embeddable":true,"href":"https:\/\/regalatiempo.cl\/index.php\/wp-json\/wp\/v2\/product_cat?post=303"},{"taxonomy":"product_tag","embeddable":true,"href":"https:\/\/regalatiempo.cl\/index.php\/wp-json\/wp\/v2\/product_tag?post=303"}],"curies":[{"name":"wp","href":"https:\/\/api.w.org\/{rel}","templated":true}]}}