{"id":278,"date":"2025-01-25T00:32:41","date_gmt":"2025-01-25T00:32:41","guid":{"rendered":"https:\/\/regalatiempo.cl\/?post_type=product&#038;p=278"},"modified":"2025-02-08T21:10:13","modified_gmt":"2025-02-08T21:10:13","slug":"visitar-jumping-park","status":"publish","type":"product","link":"https:\/\/regalatiempo.cl\/index.php\/producto\/visitar-jumping-park\/","title":{"rendered":"Visitar Jumping Park"},"content":{"rendered":"<div class=\"flex max-w-full flex-col flex-grow\">\n<div class=\"min-h-8 text-message flex w-full flex-col items-end gap-2 whitespace-normal break-words text-start [.text-message+&amp;]:mt-5\" dir=\"auto\" data-message-author-role=\"assistant\" data-message-id=\"c9375fe1-1943-4b7e-9fa3-df41729c4d43\" data-message-model-slug=\"gpt-4o\">\n<div class=\"flex w-full flex-col gap-1 empty:hidden first:pt-[3px]\">\n<div class=\"markdown prose w-full break-words dark:prose-invert light\">\n<p>\u00a1Reg\u00e1lale a Ignacia una experiencia llena de diversi\u00f3n y energ\u00eda! \ud83c\udf89 Una visita al Jumping Park es el regalo perfecto para que disfrute saltando en camas el\u00e1sticas, superando desaf\u00edos y viviendo momentos inolvidables. \ud83e\ude82<\/p>\n<p>Es mucho m\u00e1s que un parque: es una oportunidad para re\u00edr, liberar estr\u00e9s y pasar un d\u00eda incre\u00edble. \u00a1An\u00edmate a regalarle esta experiencia \u00fanica que la har\u00e1 sonre\u00edr como nunca! \ud83d\udca5<\/p>\n<\/div>\n<\/div>\n<\/div>\n<\/div>\n","protected":false},"excerpt":{"rendered":"<p>\u00a1Reg\u00e1lale a Ignacia una experiencia llena de diversi\u00f3n y energ\u00eda! \ud83c\udf89 Una visita al Jumping Park es el regalo perfecto para que disfrute saltando en camas el\u00e1sticas, superando desaf\u00edos y viviendo momentos inolvidables. \ud83e\ude82 Es mucho m\u00e1s que un parque: es una oportunidad para re\u00edr, liberar estr\u00e9s y pasar un d\u00eda incre\u00edble. \u00a1An\u00edmate a regalarle [&hellip;]<\/p>\n","protected":false},"featured_media":279,"comment_status":"open","ping_status":"closed","template":"","meta":{"_et_pb_use_builder":"","_et_pb_old_content":"","_et_gb_content_width":""},"product_brand":[],"product_cat":[22],"product_tag":[],"class_list":{"0":"post-278","1":"product","2":"type-product","3":"status-publish","4":"has-post-thumbnail","6":"product_cat-cumpleanos-ignacia","8":"first","9":"instock","10":"virtual","11":"purchasable","12":"product-type-simple"},"_links":{"self":[{"href":"https:\/\/regalatiempo.cl\/index.php\/wp-json\/wp\/v2\/product\/278","targetHints":{"allow":["GET"]}}],"collection":[{"href":"https:\/\/regalatiempo.cl\/index.php\/wp-json\/wp\/v2\/product"}],"about":[{"href":"https:\/\/regalatiempo.cl\/index.php\/wp-json\/wp\/v2\/types\/product"}],"replies":[{"embeddable":true,"href":"https:\/\/regalatiempo.cl\/index.php\/wp-json\/wp\/v2\/comments?post=278"}],"wp:featuredmedia":[{"embeddable":true,"href":"https:\/\/regalatiempo.cl\/index.php\/wp-json\/wp\/v2\/media\/279"}],"wp:attachment":[{"href":"https:\/\/regalatiempo.cl\/index.php\/wp-json\/wp\/v2\/media?parent=278"}],"wp:term":[{"taxonomy":"product_brand","embeddable":true,"href":"https:\/\/regalatiempo.cl\/index.php\/wp-json\/wp\/v2\/product_brand?post=278"},{"taxonomy":"product_cat","embeddable":true,"href":"https:\/\/regalatiempo.cl\/index.php\/wp-json\/wp\/v2\/product_cat?post=278"},{"taxonomy":"product_tag","embeddable":true,"href":"https:\/\/regalatiempo.cl\/index.php\/wp-json\/wp\/v2\/product_tag?post=278"}],"curies":[{"name":"wp","href":"https:\/\/api.w.org\/{rel}","templated":true}]}}